site number?
False
Is 17033 composite?
False
Is 364417 composite?
False
Is 12721 a composite number?
False
Is 5161 a prime number?
False
Is 289257 a prime number?
False
Is 3289327 prime?
True
Is 20489 a composite number?
True
Is 18623 composite?
True
Is 1319 a prime number?
True
Is 481963 a prime number?
True
Is 28394 a prime number?
False
Is 2726309 a prime number?
False
Is 456515 a composite number?
True
Is 59523 prime?
False
Is 554901 a prime number?
False
Is 10307 composite?
True
Is 24011 a prime number?
False
Is 6801 a composite number?
True
Is 22339 a prime number?
False
Is 6637 a composite number?
False
Is 350483 prime?
False
Is 27917 prime?
True
Is 26365 a prime number?
False
Is 3359 prime?
True
Is 286287 a prime number?
False
Is 63741 prime?
False
Is 612319 composite?
False
Is 10133 prime?
True
Is 37307 a composite number?
False
Is 823087 prime?
False
Is 1687 composite?
True
Is 349903 composite?
False
Is 62193 composite?
True
Is 589495 a composite number?
True
Is 22189 composite?
False
Is 41641 prime?
True
Is 29077 composite?
False
Is 87833 a prime number?
True
Is 19235 a prime number?
False
Is 216709 a composite number?
True
Is 6387 prime?
False
Is 180313 composite?
True
Is 60209 a prime number?
True
Is 164569 a prime number?
True
Is 13211 a composite number?
True
Is 121043 a composite number?
True
Is 304117 a composite number?
True
Is 28895 composite?
True
Is 44003 a composite number?
True
Is 259379 prime?
True
Is 49889 a prime number?
False
Is 143567 composite?
False
Is 173791 prime?
False
Is 15859 composite?
False
Is 92753 a composite number?
False
Is 751 prime?
True
Is 1302269 a prime number?
True
Is 2633 composite?
False
Is 33911 prime?
True
Is 894295 prime?
False
Is 1081 composite?
True
Is 2746767 a composite number?
True
Is 17067 a composite number?
True
Is 1161295 composite?
True
Is 4103 a prime number?
False
Is 5591 composite?
False
Is 275269 prime?
True
Is 2579 prime?
True
Is 3093 prime?
False
Is 1343 a composite number?
True
Is 151491 a prime number?
False
Is 395893 a composite number?
True
Is 1735579 composite?
False
Is 12499 composite?
True
Is 762815 prime?
False
Is 21509 composite?
True
Is 214987 prime?
True
Is 572703 a composite number?
True
Is 17531 a composite number?
True
Is 12517 a composite number?
False
Is 18077 prime?
True
Is 103289 prime?
True
Is 35377 a prime number?
False
Is 664735 prime?
False
Is 853193 prime?
False
Is 202313 prime?
False
Is 72869 a prime number?
True
Is 31469 prime?
True
Is 10799 a composite number?
False
Is 57094 composite?
True
Is 166219 a composite number?
False
Is 6911 a prime number?
True
Is 326443 prime?
False
Is 9626 a prime number?
False
Is 1032571 composite?
False
Is 1746715 a composite number?
True
Is 272561 a prime number?
False
Is 4721 a composite number?
False
Is 419087 prime?
True
Is 7993 a prime number?
True
Is 216341 composite?
True
Is 328259 composite?
True
Is 25523 a prime number?
True
Is 50021 a composite number?
False
Is 239861 composite?
True
Is 5165 a composite number?
True
Is 43261 composite?
False
Is 105059 composite?
True
Is 28349 a prime number?
True
Is 46601 a prime number?
True
Is 133949 a composite number?
False
Is 37747 composite?
False
Is 359 a composite number?
False
Is 1417 composite?
True
Is 69191 prime?
True
Is 16033 a composite number?
False
Is 1125097 composite?
False
Is 28169 composite?
True
Is 12979 a prime number?
True
Is 199817 a prime number?
False
Is 4830269 a composite number?
True
Is 201715 a composite number?
True
Is 1064185 prime?
False
Is 3671 a composite number?
False
Is 22189 a prime number?
True
Is 43853 prime?
True
Is 5507 a composite number?
False
Is 72247 prime?
False
Is 2119 prime?
False
Is 128157 a composite number?
True
Is 368611 prime?
False
Is 61603 a prime number?
True
Is 58471 a composite number?
True
Is 188911 prime?
True
Is 1935281 prime?
True
Is 2260673 prime?
True
Is 329053 a composite number?
False
Is 6637 composite?
False
Is 225919 a composite number?
False
Is 57773 prime?
True
Is 7639 composite?
False
Is 24317 a composite number?
False
Is 785 a composite number?
True
Is 18539 a composite number?
False
Is 91783 prime?
False
Is 71513 a prime number?
False
Is 107267 a prime number?
False
Is 329057 prime?
False
Is 8311 composite?
False
Is 20249 a prime number?
True
Is 26321 prime?
True
Is 7297 composite?
False
Is 209021 a composite number?
False
Is 235841 composite?
True
Is 212843 a composite number?
False
Is 151717 a prime number?
True
Is 120283 prime?
True
Is 25621 a prime number?
True
Is 6733 composite?
False
Is 146477 a prime number?
True
Is 217081 a composite number?
False
Is 787 a prime number?
True
Is 333353 prime?
False
Is 52201 a prime number?
True
Is 220217 a prime number?
True
Is 393707 a prime number?
False
Is 30577 prime?
True
Is 886 a composite number?
True
Is 58411 a composite number?
False
Is 319 composite?
True
Is 726221 prime?
True
Is 1069663 a prime number?
False
Is 567737 composite?
False
Is 132397 prime?
False
Is 55429 a prime number?
False
Is 291619 a prime number?
True
Is 729107 a prime number?
False
Is 13327 prime?
True
Is 831371 a prime number?
True
Is 2450711 a composite number?
False
Is 5273 a composite number?
False
Is 2841 prime?
False
Is 697 a prime number?
False
Is 3287 a prime number?
False
Is 3193 a prime number?
False
Is 1492361 prime?
False
Is 13339 a composite number?
False
Is 998 prime?
False
Is 111821 a prime number?
True
Is 8101 a composite number?
False
Is 24027 a composite number?
True
Is 204933 a composite number?
True
Is 60757 a prime number?
True
Is 44537 a composite number?
False
Is 563897 composite?
False
Is 1822507 prime?
False
Is 592339 prime?
False
Is 13327 composite?
False
Is 213623 composite?
False
Is 951718 a composite number?
True
Is 11857 prime?
False
Is 2415677 prime?
False
Is 22013 composite?
False
Is 63647 composite?
False
Is 17863 a composite number?
False
Is 91603 composite?
True
Is 184169 a prime number?
False
Is 571631 composite?
True
Is 1500973 a prime number?
True
Is 1187026 a composite number?
True
Is 1921 prime?
False
Is 308537 prime?
True
Is 103867 a composite number?
False
Is 3436127 prime?
True
Is 235423 a composite number?
True
Is 33443 prime?
False
Is 182906 a prime number?
False
Is 6119 a prime number?
False
Is 576601 composite?
True
Is 21313 prime?
True
Is 21562 a prime number?
False
Is 45995 a prime number?
False
Is 5057 a composite number?
True
Is 7501 a prime number?
False
Is 2479 a composite number?
True
Is 213349 a prime number?
True
Is 192719 a prime number?
False
Is 393895 a composite number?
True
Is 41351 a prime number?
True
Is 63719 composite?
False
Is 48403 a composite number?
True
Is 18199 a composite number?
False
Is 96941 prime?
False
Is 67231 a composite number?
False
Is 2862291 prime?
False
Is 1429201 a prime number?
True
Is 60689 a composite number?
False
Is 52339 a prime number?
False
Is 6349 a prime number?
False
Is 76333 a composite number?
False
Is 15278 prime?
False
Is 31687 a composite number?
False
Is 1029937 a prime number?
True
Is 15529 a prime number?
False
Is 43689 a composite number?
True
Is 90053 prime?
True
Is 799 a prime number?
False
Is 8422831 a composite number?
False
Is 382307 composite?
True
Is 8497 prime?
False
Is 53589 composite?
True
Is 203591 a composite number?
False
Is 6947 composite?
False
Is 385061 a prime number?
False
Is 542585 composite?
True
Is 21701 composite?
False
Is 260563 composite?
True
Is 703 prime?
False
Is 10723 composite?
False
Is 39757 prime?
False
Is 16391 prime?
False
Is 26759 composite?
False
Is 1939 a composite number?
True
Is 909419 composite?
True
Is 72583 a prime number?
False
Is 41039 a composite number?
False
Is 818789 prime?
False
Is 124231 composite?
False
Is 334031 prime?
True
Is 23869 a prime number?
True
Is 799963 prime?
False
Is 201743 a prime number?
True
Is 1399 a composite number?
False
Is 12697 a prime number?
True
Is 2333 prime?
True
Is 20161 prime?
True
Is 8263 a composite number?
False
Is 87983 composite?
True
Is 1397 prime?
False
Is 27449 a prime number?
True
Is 708869 a prime number?
False
Is 9311 composite?
False
Is 51443 prime?
False
Is 64397 a composite number?
True
Is 12419 composite?
True
Is 7247 prime?
True
Is 19531 prime?
True
Is 60859 composite?
False
Is 12197 a